 What is the greatest common factor of m and 7?
7
Suppose -3*d = -9 - 15. Suppose 3*i = -2 + 17, 4*i - 12 = 2*s. Let m be (-164)/(-14) + s/14. Calculate the highest common factor of d and m.
4
Let d be 3/((1/(-1))/(-1)). Let h be (-1)/d - (-1)/3. Suppose 2*b - 44 = -2*s + 4*b, 2*s + 5*b - 37 = h. Calculate the highest common factor of s and 3.
3
Let n = -8 + 6. Let l be (-3 - n)*-15*1. Let x be (l*1)/((-12)/(-8)). Calculate the highest common divisor of x and 50.
10
Let o(b) = 16*b + 52. Let a be o(26). What is the greatest common factor of a and 52?
52
Let q(a) = a**2 + 3*a - 25. Let l be q(-10). Calculate the highest common factor of l and 54.
9
Let f(y) = 5*y - 50. Let d be f(14). What is the highest common factor of d and 140?
20
Let o(s) = s**2 + 7*s + 1. Let a = -14 - -6. Let t be o(a). Calculate the highest common divisor of 45 and t.
9
Let o be (-262)/2 - 0 - 0. Let k(y) = -240*y**3 - y**2 + y - 1. Let g be k(1). Let u = o - g. What is the highest common factor of u and 10?
10
Suppose -4*l = f - 68, -4*l = -f - f - 80. Suppose -4*a + o = -309, -2*a - 2*o + 370 = 3*a. Let d = 238 - a. What is the highest common factor of l and d?
18
Let y(p) = p - 1. Let v be y(4). Let j(n) = -7*n - 2. Let f be j(-10). Suppose g + v = f. Calculate the highest common divisor of g and 13.
13
Suppose 8 = -3*i + 2*w - 6*w, 0 = -4*i - 2*w - 4. Let y = 0 - i. Suppose s + s + 2 = y, -5*l + s = -256. What is the greatest common divisor of l and 34?
17
Suppose 0 = -5*h + 6*h + a - 234, -4*h = -5*a - 900. What is the greatest common factor of h and 10?
10
Let f be (-472)/(-12) + (-15)/(-9) + -2. Calculate the greatest common factor of 26 and f.
13
Let z(q) = q**3 - 4*q**2 - 3*q - 2. Let v be z(5). Let y(w) = -5*w + 2 - 6 + w**2 + 0. Let u be y(v). Calculate the highest common divisor of 4 and u.
4
Suppose 9*n - 5 = 8*n. Calculate the greatest common factor of n and 2.
1
Let b be (2 - 35/15)*-60. Calculate the highest common factor of 60 and b.
20
Let h(z) = z**2 - 3*z + 4. Let q be h(3). Suppose -q*x + 84 = -x. Calculate the greatest common factor of x and 70.
14
Let j(p) = 9*p**2. Let u be j(1). Suppose -17*c + 9 = -14*c. Calculate the greatest common factor of c and u.
3
Let r(u) = 3 - 7*u + 37*u**2 - 36*u**2 + 4. Let h be r(6). What is the highest common divisor of 8 and h?
1
Let k = 7 + -5. Let m = 5 + 3. Let u be 220/16 - (-2)/m. What is the highest common divisor of k and u?
2
Let b = 14 + -8. Let m be (-47)/(-3) + (-4)/b. Suppose 3*j + 2*j - 15 = 0. Calculate the highest common factor of j and m.
3
Let k(g) = -4*g**3 + 2*g**2 - g - 2. Let l be k(-2). Suppose 3*y - 35 - l = 0. What is the greatest common divisor of 10 and y?
5
Let k be (0 + 2 + -1)*(-2)/(-2). Calculate the highest common factor of k and 7.
1
Let m(u) = 12*u**2 - 2*u + 1. Let o be m(1). Suppose 39 - o = 4*f. What is the highest common factor of f and 56?
7
Let j be 16 - (7 - (-4)/(-1)). Suppose -a + 2 = -2*u + 2*a, j = u + 2*a. What is the highest common divisor of 20 and u?
5
Let f = 7 - 4. Suppose -6 = l + f. Let s be ((-12)/l - 2)*-21. What is the greatest common divisor of 14 and s?
14
Suppose 0 = -z + 2*t - 6*t + 34, -41 = -2*z + t. What is the greatest common factor of z and 110?
22
Let c be (104/8 - -1) + (-1 - -5). What is the greatest common factor of 12 and c?
6
Let o(n) = n - 1. Let u be o(4). Let z be (1 + -3)/(4/(-34)). Let a = z - -13. Calculate the greatest common divisor of a and u.
3
Let y = -9 - 1. Let l = y - -4. Let p = l - -18. Calculate the highest common divisor of p and 12.
12
Suppose -3*k - 48 = -7*k. What is the greatest common factor of 96 and k?
12
Let h(r) = -r**3 - 12*r**2 - 12*r + 8. Let n be h(-11). Calculate the greatest common factor of 171 and n.
19
Let c(s) = -s**2 - 5*s. Let t be c(-4). Let l(u) = -2*u + 19. Let h be l(8). Suppose t = -h*b + 19. What is the greatest common factor of b and 15?
5
Suppose 9 = 2*q - 5. Let u = 98 - 21. Calculate the greatest common divisor of q and u.
7
Suppose 0 = -s + 81 + 117. Suppose -4*m + 96 = -2*z, -z + 42 = m - 6*z. What is the highest common divisor of s and m?
22
Let u = 116 - 53. Calculate the greatest common factor of u and 42.
21
Let l = -355 - -621. What is the highest common divisor of 38 and l?
38
Let p be (2 + -29)*-2 - (-4 + 6). What is the greatest common divisor of p and 4?
4
Suppose 4*s - 238 = 274. What is the greatest common divisor of s and 16?
16
Let u = -4 - -16. Let f(s) = 2*s**3 - 6*s**2 + s. Suppose -27 + 7 = -5*a. Let p be f(a). Calculate the greatest common divisor of u and p.
12
Suppose 36 + 30 = 3*i. Calculate the greatest common factor of i and 2.
2
Suppose -30*k = -33*k + 24. Calculate the highest common factor of k and 56.
8
Suppose -5*x = -23 - 77. Let y(a) = a**2 - a - 4. Let s be y(4). What is the highest common factor of s and x?
4
Let o be (-1)/3*6*-1. Let y be (o + -2)*2/4. Let n be (y + -6)*(-2)/1. What is the greatest common divisor of n and 132?
12
Let y(i) be the first derivative of 9*i**2/2 + 2. Let r(g) = 2*g**2 + g + 1. Let n be r(-1). Let o be y(n). Calculate the highest common divisor of 2 and o.
2
Let s(t) = -t**2 - 5*t + 1. Let n be s(-4). Let k be (4/n)/(8/20). Suppose g - 19 = -d, -k*d = d - 6. Calculate the greatest common divisor of g and 153.
17
Let z(t) = t**2 - t + 3. Let j be (2/6)/(5/(-45)). Let u be z(j). Calculate the greatest common divisor of u and 135.
15
Suppose -4*p - 4*j = -28, -5*p - 8 = -2*j - 57. What is the highest common divisor of 36 and p?
9
Suppose 6*l = 4*l + 36. What is the greatest common divisor of l and 162?
18
Suppose 32 = 2*b + 3*s, 5*b - s + 2*s - 54 = 0. Calculate the greatest common divisor of 2 and b.
2
Let v be 2/4*2 - -2. Let q be v/30*-6*-5. Suppose -q*l + 0*d = 3*d - 3, -12 = -5*l + 2*d. What is the greatest common divisor of l and 16?
2
Let y = 50 - 23. Calculate the highest common factor of y and 81.
27
Suppose k + 4*j - 19 = 0, -k - k + 46 = 4*j. What is the greatest common divisor of k and 189?
27
Let m = -306 - -464. Suppose -7*a + 2*a - 3*k = 124, -4*a - 5*k = 107. Let f = a + m. Calculate the highest common factor of f and 15.
15
Let l be (2 + -6 - -2)*-2. Let b(u) be the third derivative of -u**4/24 + 5*u**3/3 + u**2. Let z be b(8). What is the greatest common factor of l and z?
2
Let u = 691 - 286. Suppose -4*b - u = -9*b. Calculate the greatest common divisor of 9 and b.
9
Suppose 17*v = 21*v - 1056. What is the greatest common divisor of v and 44?
44
Let r(o) = -o**2 - 46*o - 229. Let c be r(-6). Suppose -k + 42 = 9. What is the greatest common factor of k and c?
11
Let v(g) be the second derivative of -g**4/12 - 5*g**3/3 - 4*g**2 + 2*g. Let n be v(-6). What is the highest common factor of n and 144?
16
Let k(v) = -v**2 + 10*v - 2. Let o be k(12). Let d = 46 + o. Suppose -2*g + 43 = -117. Calculate the greatest common factor of g and d.
20
Let a = 12 - 17. Suppose -2*x + 7 + 5 = 0. Let c be x + (a - (3 + -6)). What is the greatest common factor of 44 and c?
4
Suppose n + 3*h - 1 = -2, -3*n - 2*h = -25. Suppose 0*f - f + 3*m - 8 = 0, -3 = 3*f - 2*m. Suppose -w = -f - n. What is the greatest common divisor of w and 48?
12
Let d = 1 + -3. Suppose 0 = -3*j - 3*y + 12, -3*j - j + 2*y + 40 = 0. Let v be (-1)/d - (-12)/j. What is the highest common factor of 2 and v?
2
Let s = 1364 + -935. Suppose -2*y = -5*y + s. Let p be 5 + -4 - -16 - 4. Calculate the highest common divisor of y and p.
13
Let y be 25/(-1 + 3 + -1). Suppose t = 2 + y. Calculate the greatest common divisor of t and 135.
27
Suppose 4*r - 7 = 5*r. Let h(a) = -2*a + 11. Let b(o) = 2*o - 12. Let f(g) = 5*b(g) + 6*h(g). Let y be f(r). Calculate the highest common divisor of y and 5.
5
Suppose 0 = 35*i - 33*i - 20. What is the greatest common divisor of 130 and i?
10
Let q be (-6*1)/(84/(-20) - -4). Suppose o - 5*s = 0, -5*s = 5*o - 33 - 27. Calculate the highest common factor of o and q.
10
Let s be -8*-10*(-2)/16. Let m = s - -14. What is the greatest common factor of m and 4?
4
Let v = 79 + 109. Suppose 3*u = 106 + v. What is the highest common factor of 14 and u?
14
Let w(t) = 5*t - 5. Let k(n) = -n**2 + 1. Let o(v) = 2*k(v) + w(v). Let s be o(4). Let c = -3 - s. What is the greatest common divisor of c and 96?
12
Let p(t) = -t**3 + 10*t**2 - 9*t - 4. Let x be